rime?
True
Is 7241833 composite?
True
Is 17549291 prime?
False
Is 387619117 prime?
True
Is 197601707 composite?
True
Is 11802457 a prime number?
True
Is 2874857 a prime number?
False
Is 112566557 prime?
True
Is 266894 composite?
True
Is 189059609 prime?
False
Is 122873497 a composite number?
False
Is 85889 composite?
False
Is 3852157 a composite number?
True
Is 303651133 composite?
False
Is 1287799939 a prime number?
False
Is 6144881 composite?
False
Is 268344253 a composite number?
False
Is 3553819 a composite number?
False
Is 16692997 composite?
True
Is 2809459 a composite number?
True
Is 398758189 composite?
False
Is 299082647 prime?
True
Is 357269813 a prime number?
True
Is 1233767 prime?
False
Is 234355367 composite?
True
Is 17463442 composite?
True
Is 328774813 prime?
True
Is 2757151 prime?
True
Is 67401377 composite?
True
Is 4876511 prime?
True
Is 34155223 a prime number?
True
Is 4238789 prime?
False
Is 217849 composite?
False
Is 1350785 a composite number?
True
Is 6996419 composite?
False
Is 6128683 composite?
True
Is 68973001 a composite number?
True
Is 496943987 a prime number?
True
Is 7405121 prime?
False
Is 5565847 composite?
True
Is 27451211 a prime number?
True
Is 8252459 a prime number?
True
Is 2640003 a prime number?
False
Is 117964463 composite?
False
Is 18075041 a prime number?
False
Is 48011987 a prime number?
True
Is 57629131 prime?
False
Is 638114 a composite number?
True
Is 62240623 prime?
False
Is 163678507 a prime number?
False
Is 35370959 composite?
True
Is 105173479 composite?
False
Is 9408389 prime?
True
Is 30624533 composite?
False
Is 14724643 prime?
True
Is 1702507 composite?
False
Is 184717217 composite?
False
Is 38001973 a prime number?
True
Is 274098381 a prime number?
False
Is 14309621 prime?
True
Is 26895949 prime?
True
Is 490634153 a prime number?
True
Is 31824003 a prime number?
False
Is 8199529 a composite number?
True
Is 1776919 prime?
False
Is 959269 a composite number?
False
Is 510199 a composite number?
False
Is 45255143 composite?
False
Is 1284365 a composite number?
True
Is 21798961 a composite number?
False
Is 6333797 prime?
False
Is 149514362 a composite number?
True
Is 35467181 a prime number?
True
Is 2911253 a prime number?
False
Is 11754286 prime?
False
Is 347827201 prime?
True
Is 3730731 a prime number?
False
Is 347069527 composite?
True
Is 99882098 a prime number?
False
Is 92417 a prime number?
False
Is 5216509 composite?
False
Is 12679543 a prime number?
True
Is 2688778 a composite number?
True
Is 114246401 composite?
False
Is 64822423 composite?
True
Is 3989831 a prime number?
True
Is 9471586 a prime number?
False
Is 2564101 a composite number?
False
Is 39826313 prime?
True
Is 16133057 prime?
True
Is 83938277 prime?
True
Is 6285841 prime?
True
Is 1207 prime?
False
Is 1570007 prime?
True
Is 188499269 prime?
False
Is 806761 a composite number?
False
Is 187823 a prime number?
True
Is 123511901 prime?
False
Is 12763006 prime?
False
Is 69839771 a composite number?
True
Is 2160199 prime?
False
Is 146203671 a composite number?
True
Is 710789 a prime number?
False
Is 91015153 composite?
True
Is 93077837 a prime number?
True
Is 6833269 prime?
False
Is 1498921 composite?
False
Is 423245 prime?
False
Is 41193421 a composite number?
True
Is 3547307 a composite number?
False
Is 43931795 composite?
True
Is 5108081 a composite number?
True
Is 7553207 a composite number?
False
Is 14254831 a prime number?
True
Is 51367607 composite?
False
Is 151029007 a prime number?
False
Is 134641 composite?
True
Is 2333 a composite number?
False
Is 31135297 prime?
False
Is 114809617 composite?
True
Is 1599293 a composite number?
False
Is 1717579 prime?
False
Is 296917 composite?
True
Is 128609639 composite?
True
Is 34907497 a prime number?
True
Is 182201489 a composite number?
False
Is 553558 composite?
True
Is 44314453 composite?
False
Is 75253429 a composite number?
False
Is 97803191 a prime number?
False
Is 55064023 a prime number?
False
Is 1817213 prime?
True
Is 25012787 prime?
False
Is 21927547 prime?
True
Is 12692257 composite?
True
Is 35520229 a prime number?
False
Is 18297517 prime?
False
Is 2076497 a composite number?
True
Is 256181477 composite?
False
Is 505117 composite?
False
Is 19830701 a composite number?
True
Is 139649177 a prime number?
False
Is 1313285 a composite number?
True
Is 4686467 a composite number?
False
Is 2418917 a prime number?
False
Is 7086283 composite?
False
Is 12323321 composite?
False
Is 934753 a composite number?
False
Is 527729 a prime number?
True
Is 3032149 a prime number?
True
Is 62454157 a composite number?
True
Is 719533 composite?
False
Is 736357 prime?
True
Is 19037413 prime?
True
Is 5631107 a prime number?
True
Is 6394603 a prime number?
True
Is 211999 a composite number?
True
Is 27776699 composite?
False
Is 3158723 prime?
False
Is 139913913 prime?
False
Is 5078 a prime number?
False
Is 1241027 composite?
False
Is 20436707 a prime number?
True
Is 656758337 composite?
True
Is 6503241 prime?
False
Is 1708961 composite?
False
Is 41464069 prime?
True
Is 5894449 a composite number?
True
Is 778538 a prime number?
False
Is 2608091 a composite number?
False
Is 238294087 a composite number?
False
Is 21534349 a composite number?
False
Is 595417 prime?
False
Is 67358689 a prime number?
False
Is 316758439 prime?
True
Is 178330807 prime?
True
Is 16584767 a composite number?
False
Is 2636597 composite?
False
Is 11700797 a prime number?
True
Is 28621517 prime?
False
Is 46394881 a composite number?
True
Is 53978627 composite?
False
Is 11993897 a prime number?
True
Is 64652963 a composite number?
False
Is 158876759 composite?
False
Is 2320613 prime?
False
Is 15143533 composite?
False
Is 4728235 a prime number?
False
Is 38368481 a prime number?
True
Is 3681679 a composite number?
True
Is 1150559153 a composite number?
True
Is 12766441 prime?
True
Is 4687613 prime?
False
Is 1819819 prime?
True
Is 185569457 prime?
False
Is 11765867 prime?
True
Is 45095423 composite?
False
Is 24601823 a prime number?
False
Is 44751601 a composite number?
False
Is 31104551 prime?
False
Is 26459557 composite?
False
Is 106885 composite?
True
Is 6006911 a prime number?
True
Is 21767377 prime?
True
Is 596963 prime?
True
Is 6855509 a prime number?
False
Is 1705907 composite?
True
Is 120238109 a prime number?
True
Is 3947313 a composite number?
True
Is 155277035 prime?
False
Is 10580213 prime?
False
Is 11133907 prime?
True
Is 90812641 a prime number?
True
Is 49681943 composite?
False
Is 5391717 a composite number?
True
Is 206836963 prime?
True
Is 2437607 prime?
True
Is 913547 prime?
False
Is 2936705 composite?
True
Is 2753797 a composite number?
True
Is 32141051 prime?
False
Is 38126381 prime?
True
Is 5563277 a composite number?
False
Is 195934423 prime?
False
Is 40658785 a prime number?
False
Is 4476881 a prime number?
False
Is 5976151 composite?
True
Is 2422931 a prime number?
False
Is 2558345 a composite number?
True
Is 23822699 a composite number?
True
Is 48846145 prime?
False
Is 6410861 a prime number?
False
Is 94406239 a prime number?
True
Is 9810946 prime?
False
Is 29301263 composite?
True
Is 111483823 prime?
False
Is 45268777 composite?
True
Is 10134997 prime?
True
Is 194963017 a prime number?
True
Is 3620489 prime?
True
Is 123102971 composite?
True
Is 9030347 a prime number?
True
Is 1186793 composite?
True
Is 2090159 composite?
False
Is 18818517 a composite number?
True
Is 2317223 prime?
True
Is 4015637 composite?
False
Is 6813463 a composite number?
True
Is 36303061 a composite number?
False
Is 481721 prime?
True
Is 94680829 composite?
False
Is 19816187 composite?
True
Is 339596443 composite?
True
Is 52711553 a composite number?
True
Is 197585821 prime?
False
Is 311835065 composite?
True
Is 3749527 a composite number?
False
Is 2854741 a composite number?
True
Is 1815629 a prime number?
True
Is 2762699 a composite number?
False
Is 28020461 composite?
True
Is 10495561 a prime number?
True
Is 138311413 a prime number?
True
Is 1529027 a prime number?
True
Is 400994723 a composite number?
True
Is 1325627 a prime number?
True
Is 194819731 a prime number?
True
Is 1755629 composite?
False
Is 6428377 a composite number?
True
Is 6312181 a composite number?
False
Is 259101493 prime?
False
Is 30867821 a composite number?